 p and n?
8
Let w be -10*((-2)/5)/1. Suppose w*h - 88 = 2*h + 4*m, h = 5*m + 56. Let s = 51 - h. Calculate the greatest common divisor of s and 75.
15
Let w(d) = d**3 + 16*d**2 + 13*d - 18. Let j be w(-15). What is the highest common divisor of 54 and j?
6
Suppose x + 5*u = 6*x - 565, 2*u = -4. Let c = -69 + x. Calculate the highest common factor of 28 and c.
14
Let v(h) = -3 + 0 + 1 - h**3 - 4*h**2 + 4*h. Let i be v(-7). Let g = -52 + 65. What is the greatest common factor of i and g?
13
Let w = 16 + -6. Let k = 5 - 1. Suppose k*v + 90 = 5*v. Calculate the greatest common factor of w and v.
10
Let x(s) = 2*s**3 - s**2 - 2*s + 98. Let i be x(0). Calculate the greatest common factor of i and 14.
14
Let p(r) = -r**2 + 10*r - 6. Let v be p(6). Calculate the highest common divisor of 36 and v.
18
Let v(j) = -15*j - 19. Let x be v(-3). What is the greatest common factor of x and 104?
26
Let b = -10 + 2. Let l = 15 + b. Calculate the greatest common factor of l and 21.
7
Let v = 1 - -2. Suppose -k - v*k + 50 = -2*r, r = 5*k - 55. Suppose 4*i + 5*x - 86 = 104, 0 = -5*x - 10. What is the greatest common factor of k and i?
10
Suppose 0 = 2*d - 2*y + 516, -4*d - 658 - 376 = -2*y. Let x = -148 - d. Let n = x - 31. What is the highest common divisor of 10 and n?
10
Suppose -5*u - 3 - 2 = 0. Let g be (3 - 4) + (-36)/u. Let v = 91 - g. What is the greatest common factor of 14 and v?
14
Suppose 0 = -q + 5, 2*a - 5*q = -3*q - 8. Let d be (6 - -1) + a + -3. Suppose 5*u - 45 = 180. What is the greatest common divisor of d and u?
5
Let h = -15 + 41. Calculate the greatest common divisor of 13 and h.
13
Let u(g) = g**3 + 10*g**2 - g + 2. Let k be 1/(-3) + (-29)/3. Let m be u(k). Suppose 0 = j - m - 13. What is the highest common divisor of 225 and j?
25
Let m be (20 + 8)*2/4. What is the highest common divisor of m and 14?
14
Suppose 4*j + 8 - 72 = 0. What is the greatest common factor of j and 16?
16
Let t be (-288)/20 + (-2)/(-5). Let l = -14 + 40. Let r = t + l. Calculate the greatest common factor of 60 and r.
12
Let z(t) = 2*t**2 - 8*t + 1. Let j be z(-6). Let p be 4/(-14) + 100/7. Let v = -3 + p. Calculate the highest common divisor of v and j.
11
Suppose -4*b + 4*w + 40 = 0, 0 = 2*b - w + 2*w - 8. Suppose -79 = -2*z - 31. What is the highest common divisor of b and z?
6
Let w = -18 - -22. Suppose -7 = 5*n - 27. What is the greatest common divisor of w and n?
4
Let c be (0 + 3)/((-2)/(-24)). Calculate the greatest common divisor of c and 60.
12
Let c be (6 - -2) + -1 + -2. Calculate the highest common divisor of c and 2.
1
Let j(q) = q**3 + 5*q**2 + 5*q + 5. Let n be j(-4). What is the greatest common factor of 1 and n?
1
Let c = 32 + 0. What is the greatest common factor of c and 48?
16
Suppose l = -2*o - 21, 3*l + 17 = -3*o - 22. Let t = 10 + o. Let i be t/(3 + 143/(-48)). What is the highest common factor of 12 and i?
12
Let p be ((-100)/(-12))/((-5)/(-15)). What is the highest common factor of 175 and p?
25
Suppose 0 = -2*h - 2*r + 24 + 8, 4*h = 3*r + 78. What is the highest common factor of 63 and h?
9
Let p(y) = y + 8. Let z be p(-6). Calculate the highest common divisor of z and 2.
2
Suppose 4*c + 16 = 5*c. What is the highest common factor of 48 and c?
16
Let c(s) = -2*s - 1. Let f be c(1). Let r = -1 - f. What is the greatest common divisor of 22 and r?
2
Suppose -3*q + 31 = z - 2*z, -4*q = 5*z - 35. What is the highest common factor of q and 8?
2
Let z be 4/14 - 2750/(-77). What is the greatest common divisor of 18 and z?
18
Let l = 18 - -21. What is the highest common divisor of l and 156?
39
Let y(r) = -r + 2. Let g be y(-2). Suppose 44 = 4*h + g*i, 3 + 64 = 5*h + 2*i. What is the greatest common divisor of h and 6?
3
Let z = -8 - -6. Let y = z - 2. Let q be 6*y*(-7 + 3). Calculate the highest common divisor of 12 and q.
12
Let a(d) = d**2 + d - 2. Let j be a(-2). Let l = 12 - 7. Suppose j = l*q + 45 - 155. What is the highest common divisor of 2 and q?
2
Let s = 20 + -9. Suppose 0 = -4*b - 2*v + 6 + 16, -3*b - s = -4*v. Calculate the highest common factor of b and 12.
3
Suppose -35*g + 539 = -28*g. What is the greatest common factor of 11 and g?
11
Let h be (-79)/(-4) + (-27)/36. Calculate the greatest common factor of h and 38.
19
Let n = 45 + -25. Suppose -5*y + y = -n. Suppose -y*o = 4*w - 13 - 10, -5*w = o + 8. Calculate the greatest common factor of 14 and o.
7
Let u = 157 - 98. Suppose s + u = 192. Calculate the greatest common factor of s and 19.
19
Let t be (-8)/6*(-2541)/14. Suppose -9*i + 2*i = -154. Calculate the greatest common factor of t and i.
22
Let g(m) be the second derivative of m**3 - m**2/2 + 3*m. Let r be g(2). Calculate the highest common factor of r and 121.
11
Let g(r) = 10*r**3 - 2*r**2 + r. Let f be (-5)/(15/(-6)) - 1. Let z be g(f). Calculate the highest common divisor of z and 1.
1
Let j(n) = 2*n**2 - 2*n - 5. Let l be j(3). Calculate the highest common divisor of l and 112.
7
Let f = 80 - -19. Let l be 9/18*(0 - -22). What is the highest common divisor of f and l?
11
Suppose -10 = 3*v + 2, 0 = -5*c - 3*v - 37. Let t = c + 11. Let p = 13 + t. What is the highest common factor of p and 76?
19
Suppose 183 = 2*x + 23. Let d be (-10)/8 + 2/8. Let i = d + 11. What is the greatest common factor of i and x?
10
Suppose c - 563 = -0*j - 4*j, -2*j + 274 = -2*c. Calculate the highest common factor of j and 10.
10
Suppose -5*p - 2*y = -7*y - 185, 5*y = -2*p + 95. Let t be 3/(-5) + 1245/75. What is the highest common factor of t and p?
8
Suppose -h - 5*t = -37, -3*h - 4*t + 1 + 55 = 0. Suppose 4*u = 4*p - 36, 2*p - 4*u = p + h. Calculate the highest common divisor of p and 8.
8
Let r(n) = 8*n**2 - 2*n - 1. Let g be r(2). Let b be (-3)/(g/6)*6. Let m be (-12)/(14/b + 2). What is the highest common factor of 2 and m?
2
Suppose 2*d - 16 + 0 = 0. What is the highest common divisor of d and 64?
8
Suppose -4*h + 7*v = 3*v + 16, 2*v - 18 = 4*h. Let r be (16/5)/((-1)/h). Let i(m) = -10*m + 68. Let z be i(6). What is the highest common factor of z and r?
8
Let c(p) = 2*p**3 + 15*p**2 + 4*p + 16. Let u be c(-7). Calculate the greatest common factor of u and 37.
37
Suppose u + 43 + 22 = 0. Let i be (26/u)/(2/(-190)). Let x = 135 - 78. What is the highest common divisor of i and x?
19
Let a = -61 - -105. Let z(h) = -5*h - 8. Let m be z(-6). Calculate the highest common factor of a and m.
22
Suppose j - 97 = -3*j - 3*o, 3*j + o = 74. Suppose 5*s + j = 5*w, 0*s - s = 4*w - 10. Suppose f = 2*f - w. Calculate the highest common divisor of 9 and f.
3
Let b(y) = -9*y - 1. Let u be b(8). Let v = u - -238. Calculate the highest common divisor of 15 and v.
15
Let n = 45 - 32. Let y = n - 10. What is the greatest common divisor of 12 and y?
3
Let p = -6 - -11. Suppose -p*i = -4*r - 136, 82 = 3*i + 2*r - 4*r. Calculate the greatest common divisor of i and 7.
7
Let g = 11 + -7. Suppose -3*x - 2*n + 15 = 0, 4*n - 9 = -g*x + 11. Suppose v + 0*i - 4 = -4*i, 4*v + 4*i = 64. What is the greatest common factor of x and v?
5
Let t be (-2)/(-5) + (-16)/(-10). Let x = t - 3. Let k(g) = -30*g. Let s be k(x). What is the greatest common factor of s and 6?
6
Let k = -66 + 112. Suppose -k - 44 = -3*o. Calculate the highest common factor of o and 10.
10
Let z = 65 - 25. Let l be 2/(-6) + (-1086)/(-18). Calculate the greatest common divisor of l and z.
20
Let k(j) = -6*j - 6. Let y be k(-9). Suppose -96 = -4*w + y. Calculate the greatest common divisor of 4 and w.
4
Let h be 393/6 - 7/14. What is the highest common divisor of h and 26?
13
Let c = 210 + -147. Let a = c - 38. Let f be (4/(-6))/(1/(-15)). Calculate the greatest common factor of a and f.
5
Let y be (6/(-8))/(2/(-40)). What is the highest common factor of 6 and y?
3
Let u = 11 + -8. Suppose -3*i - 158 = -5*c, -u*c + 35 + 71 = i. Suppose -y - 7 + c = 0. Calculate the highest common factor of 9 and y.
9
Suppose 2*s - 39 = 241. What is the greatest common factor of 14 and s?
14
Suppose 2*v = -47 + 3. Let f = v - -31. Suppose 0 = m + f - 29. Calculate the highest common divisor of m and 8.
4
Let k = 193 + -128. What is the highest common factor of 26 and k?
13
Suppose 2*h + 0*h = 14. Let y(r) = -r**2 + 7*r + 7. Let o be y(7). What is the highest common factor of o and h?
7
Let c = 27 + 3. What is the gre